- 192. Is z a prime number?
False
Let h(m) be the third derivative of -m**6/120 + m**5/10 - 5*m**4/24 + m**3 - 4*m**2. Let c = 9 + -4. Is h(c) prime?
False
Let p = 2 - -2. Suppose -5*l - 87 = -2*f, f - 4*l + 73 = p*f. Is f a composite number?
False
Suppose 0 = -3*m - 0*m. Let v be m - (-4)/(-3)*6. Let y(t) = -t - 2. Is y(v) composite?
True
Let q be 44/33 - (-2)/3. Suppose q*d + 140 = 6*d. Is d prime?
False
Suppose -4*o - 1774 = -6*o. Is o a composite number?
False
Is 0 + -2 - 7/((-14)/618) composite?
False
Suppose -32 + 106 = 2*o. Is o prime?
True
Suppose 2*c - 6*c + 5*k = -4976, -4*c = 2*k - 5004. Is c a composite number?
False
Let q(x) = -x**3 - 5. Is q(-4) composite?
False
Let f(g) = -6*g**3 + 2*g**2 - g - 2. Is f(-7) prime?
True
Let i = 1 - 2. Let k = i + 1. Let g = 15 + k. Is g prime?
False
Suppose -3*v - 158 = -v. Let t = v - -114. Is t a prime number?
False
Let b(r) = -2 - 14*r + 14*r + r**3 + 9. Is b(0) composite?
False
Let x = 13 - 10. Let s(y) = 5*y**2 - y + 1. Let w be s(1). Suppose w*m - 182 = x*h, -h + 5*h = m - 33. Is m a composite number?
False
Suppose 4*h + 381 = 2*n - 639, -3*n + 1534 = -4*h. Is n a prime number?
False
Let m = 42 - 61. Let r = m + 41. Is r composite?
True
Suppose 5*t + 2*i = 2045, 0 = -3*t - 0*i - 5*i + 1246. Is t a prime number?
False
Suppose 2*t - 22 = d, -5*d + 7 = 2*t - 3. Let o be (-8)/6*4035/t. Let a = -303 - o. Is a prime?
False
Is 32 + 2/2 + 4 a composite number?
False
Let l = 53 - -1110. Is l prime?
True
Let m = -123 + 208. Is m prime?
False
Suppose -m = -o, 6 = 2*o - 0*m + m. Let g(b) = 1 - o*b - 18*b - 2*b. Is g(-3) a prime number?
True
Suppose -2*w + 0*w = 0. Suppose l = x + 4, x = 2*l - w*x - 4. Is -1 + l + 1 + 79 prime?
True
Let r be 6/15*10*1. Suppose -r*j = -0*j - 124. Is j a prime number?
True
Suppose -256 = -p - 43. Is p a prime number?
False
Is 0 + 3/((-9)/(-3621)) composite?
True
Let d = -10 - -6. Let p(k) = -21*k - 9. Let f(r) = -42*r - 17. Let m(j) = 4*f(j) - 7*p(j). Is m(d) a prime number?
True
Let p = 1586 - 951. Is p composite?
True
Suppose -3*j - 2*j = -145. Suppose 98 - j = b. Is b composite?
True
Let r be (2 + -5)/((-2)/86). Let i = r + 232. Is i composite?
True
Let y(p) = 37*p**2 - 3*p - 3. Is y(5) prime?
True
Suppose 5*o = 3*h - 5488, -3*h - 3667 = -5*h - 5*o. Is h a prime number?
True
Let d be 0*2/(-6)*1. Suppose 4*o + 123 = 3*r, 43 = r - d*o - 2*o. Is r composite?
False
Let l(i) = -2*i**2 - i. Let f be l(1). Let k be (-6)/4*6/f. Suppose -k*b + 234 = 3*z, 4*b + 3*z = 2*z + 315. Is b composite?
False
Let x(n) = -102*n - 65. Is x(-10) composite?
True
Suppose 0 = -4*n - n - 15. Let b be -4 + 0 - (-4 - n). Is (-2)/b - 74/(-6) a composite number?
False
Let k be -4 - 2 - (-1 - -3). Let y = k - 27. Is 1 - (-2 - (-1 - y)) a composite number?
False
Suppose -2*f - 2*q = 0, f + 3 + 3 = -3*q. Suppose 4*n - 1 = -w + n, -f*w + 2*n = -25. Is w composite?
False
Suppose l + 5*m - 100 = 0, -5*m = -4*l - 3*m + 334. Is l a prime number?
False
Suppose 0 = 5*h - 135 - 165. Let t = h - -25. Is t a composite number?
True
Suppose 3784 = m - 3*w, 2*m - m + 3*w = 3802. Is m a composite number?
False
Let l(f) = -31*f**3 - 6*f**2 + 2*f + 11. Is l(-4) a prime number?
False
Suppose -r - 4*i + 159 = -0*i, -4*r - 3*i + 662 = 0. Is r a composite number?
False
Suppose 3*z + 10009 = -30221. Is (-1)/(-5) - z/75 a composite number?
False
Let x be 9*33 - -3 - 1. Suppose 0 = 3*j + 4*k - 897, 0 = -3*j + 4*j + 5*k - x. Is j composite?
True
Is 5*(169/5 - -2) a prime number?
True
Let n = 27 + -58. Let f = -18 + 20. Is (-5 + 3)/(f/n) composite?
False
Let t(b) = 6*b + 1. Let q be 3 + 2/1 - -1. Suppose 3*k - q = 3. Is t(k) composite?
False
Let o = 11958 + -7457. Is o composite?
True
Let n = -31 - -284. Is n a composite number?
True
Let s = -32 - -655. Is s a composite number?
True
Suppose 2 = -s + 3. Let g be 6*(-1*2 - s). Let m = g - -25. Is m prime?
True
Suppose 0 = -k - k + 18058. Is k a prime number?
True
Let y(s) = 141*s + 1. Let b be y(1). Suppose -w = -3*w + b. Is w a prime number?
True
Let j = -278 - 26. Let p = 517 + j. Is p a prime number?
False
Is 1*-3453*(-6)/18 composite?
False
Suppose -9*o = -7*o - 6102. Is o/21 + 2/(-7) a prime number?
False
Suppose -3*j - 4*n + 535 = 0, -2*j + 355 = n + 2*n. Is j composite?
True
Let c(q) = -q**3 + 2*q - 1. Let k be c(-2). Suppose -k*u + 137 = 23. Suppose u = 3*j - 28. Is j a composite number?
True
Suppose -3*n = -15 - 3. Suppose -n = 5*o + 29. Let u = o + 102. Is u composite?
True
Suppose -4*x + 4*b + 820 = 0, 5*x - 7*x - b + 410 = 0. Is x prime?
False
Suppose 2*d - 2*n - 3131 = -n, 4*n - 3146 = -2*d. Is d prime?
True
Suppose -1781 = -3*o + 2*p - 102, 4*o - 5*p - 2248 = 0. Is o a prime number?
True
Suppose -3*s + 8 = -4*o, 14 = -0*s + 4*s - 2*o. Suppose -s*n = -3*n - 337. Is n prime?
True
Suppose 0*m + 294 = m + d, -2*d = m - 290. Is m a composite number?
True
Let n be 2/10 + 42/15. Let h be (-2 - (n + -2))*-1. Suppose 2*q = h*q - 7. Is q a composite number?
False
Let z(s) be the third derivative of 1/60*s**5 + 0*s + 1/2*s**3 + 0*s**4 + 0 + s**2. Is z(4) prime?
True
Let w(h) = -3*h - 16. Let j(s) = -4*s - 15. Let m(t) = 5*j(t) - 4*w(t). Let p be (-4)/6*24/2. Is m(p) a composite number?
False
Let x(l) = 15*l**2 + 8*l - 5. Is x(6) prime?
False
Suppose -3*l - 2 = -14. Suppose -4*m = 4*k + 336, l*m - m - 2*k = -237. Let o = 170 + m. Is o prime?
True
Suppose -2*t = 3*t + 535. Let a = 184 + t. Is a a prime number?
False
Let l(r) = -r**3 + 2*r**2 + 3. Let f be l(3). Is 1/1*(-54)/f a composite number?
True
Let r(j) = 293*j - 9. Is r(10) a composite number?
True
Suppose -13*h = -12*h - 635. Is h a composite number?
True
Let u = 33 + 110. Is u a composite number?
True
Suppose 2*c + 242 = 1524. Is c a composite number?
False
Let l = 14 + -10. Is 103/3 - l/(-6) a composite number?
True
Suppose -7*d = -5*d - 412. Let b = -61 + d. Is b a composite number?
True
Let k = -20 - -101. Suppose 0 = -3*n + k + 66. Is n prime?
False
Let u be 4/12*33/1. Suppose u = a - 10. Is a a prime number?
False
Suppose 0 = -5*x + 170 - 1020. Suppose -u = -4*v - 277, 8*v + 275 = u + 3*v. Let d = u + x. Is d prime?
False
Let h be ((-32)/10)/((-3)/15). Suppose -2*q - 2*q + h = 0. Suppose -3*p + 5*u + 70 = 0, p - 2 - 19 = q*u. Is p prime?
False
Let q(n) = n + 12. Let h be q(-9). Suppose -v = h*j - 2*j + 2, -2*j + 5*v + 10 = 0. Suppose j = -4*i + t + 39 + 56, -4*t + 95 = 3*i. Is i a composite number?
True
Suppose 2*a + 6*t - 3*t - 791 = 0, -1190 = -3*a - t. Is a a prime number?
True
Let d be 46/(-4) - 2/4. Let p = 13 + -14. Is -2 - ((d - p) + -2) a composite number?
False
Let t = -4 + 6. Suppose 0 = -4*p + 3*y + 712, -t*y + 867 = -0*p + 5*p. Suppose -d = 4*d - p. Is d a prime number?
False
Suppose q + 0 = -3. Let w = 2 + 0. Is 74/(-3*w/q) composite?
False
Let f = -1895 - -116. Let b = -1054 - f. Suppose 0*i - 5*i = -b. Is i a prime number?
False
Suppose 9*h = -4*h + 403. Is h composite?
False
Let m be (-3)/(-3)*(0 - -5). Let w be 5/(m/(-6)) + 0. Is -2 - (4*w - 3) prime?
False
Suppose -4*o + 2*o + 4 = 0, 2*o + 1176 = 5*s. Let w = s + 83. Is w a composite number?
True
Is 717/4 - (-1 + (-10)/(-8)) composite?
False
Let h be (-2)/6 - (-26)/6. Suppose 4*u + 8 = 7*c - 3*c, -2*u = -h*c + 4. Is (-1)/(u*3/222) a prime number?
True
Suppose 9*w = 4625 + 5941. Is w composite?
True
Suppose 0*q = -4*q. Suppose -2*b + 5*b - 177 = q. Is b prime?
True
Let j = 202 + -43. Is j a composite number?
True
Let t = 10 + -6. Suppose -t*a = 2*b, 0*a - 3*a - b = 0. Suppose a = -5*d + 2*d + 63. Is d a prime number?
False
Suppose 0 = -4*d + 307 + 153. Is d a prime number?
False
Let n(m) = -66*m + 5. Is n(-19) composite?
False
Let z = -42 + 131. Is z prime?
True
Is (-102)/(-3) + 6/(-2) composite?
False
Let p = -596 + 1359. Is p prime?
False
Suppose 5*o + 4610 = 7*g - 3*g, 0 = -3*o + 6. Suppose 0 = 3*t - 3*f - 1767, -4*f - 19 = -2*t + g. Is (-4)/6 + t/9 prime?
False
Let p(z) = 230*z**2 - 1. Let g be p(-1). Let i = -138 + g. Is i a prime number?
False
Let n = 1312 + -905. Is n composite?
True
Let h(j) = -120*j - 2 - 98*j - 4 + 3. Is h(-1) a prime number?
False
Let u = 3387 + -2276. Is u prime?
False
Let m be 3 - ((-1 - -3) + -1). Let w(c) = 13*c**2 - 3*c. Is w(m) prime?
False
Let n = 4488 - 3127. Is n composite?
False
Let a be ((-126)/(-30))/((-